(base 5) to base 9
-5171211
What is -731b4 (base 16) in base 10?
-471476
-7643457 (base 8) to base 9
-3763758
What is -7bce (base 16) in base 5?
-2003234
What is bb5911 (base 12) in base 5?
1230201242
What is 20560352 (base 9) in base 10?
9900839
Convert -22020221 (base 7) to base 14.
-371b11
Convert -6313527 (base 8) to base 13.
-4694c0
Convert 525d2 (base 14) to base 11.
126346
-11374 (base 12) to base 6
-254224
Convert -42101 (base 5) to base 3.
-10210211
-327441 (base 8) to base 3
-12121101202
Convert 2b469 (base 14) to base 10.
107893
-1224243 (base 6) to base 10
-65763
-259032 (base 11) to base 12
-177875
Convert -120130311 (base 4) to base 14.
-286d7
3083156 (base 10) to base 12
1048298
What is 118bff (base 16) in base 6?
40351503
Convert -10504204 (base 8) to base 15.
-2ea882
Convert -4a5c6d (base 14) to base 12.
-a30775
1001100 (base 5) to base 13
7246
Convert 165a82a (base 12) to base 4.
101203110202
What is 1101110001000111010100 (base 2) in base 7?
42450665
What is -113434300 (base 5) in base 6?
-15212211
5316620 (base 8) to base 13
3a7a28
Convert -1010101110100000101001 (base 2) to base 6.
-140134133
Convert -22653025 (base 7) to base 10.
-1996279
-cb834 (base 13) to base 11
-231783
What is 513125 (base 8) in base 2?
101001011001010101
Convert -5055699 (base 12) to base 11.
-8545216
Convert -122220330 (base 4) to base 6.
-2201100
What is -220212220000 (base 3) in base 6?
-14255343
Convert 316981 (base 10) to base 9.
532731
What is 1c8d64 (base 14) in base 9?
1828755
What is 220021102022200 (base 3) in base 10?
12900618
What is 319366 (base 10) in base 3?
121020002101
Convert -1220220102000 (base 3) to base 10.
-1021626
What is 1011054243 (base 6) in base 7?
154332621
221055 (base 7) to base 15
b769
a5a4b5 (base 15) to base 3
112211102122122
What is -12202122000 (base 3) in base 14?
-2d4bc
Convert 122313020 (base 5) to base 12.
2446a6
1708c8 (base 15) to base 8
4203132
445108 (base 10) to base 6
13312404
-4b015 (base 13) to base 15
-2b039
129ae8 (base 15) to base 13
2538a4
-1534035 (base 8) to base 4
-1223200131
What is 22304354 (base 9) in base 3?
202100011101211
What is -16703 (base 15) in base 2?
-10001101100000101
Convert -202122111002 (base 3) to base 9.
-678432
What is 3626500 (base 7) in base 16?
7085e
-1001110000101010011 (base 2) to base 16
-4e153
-5264203 (base 9) to base 5
-1210132000
-1021043044 (base 5) to base 6
-113335215
What is 52119 (base 11) in base 5?
4413013
What is -1d32d5 (base 15) in base 11?
-8960a2
Convert 7052a9 (base 14) to base 5.
1431412104
What is -222120202 (base 3) in base 13?
-8a89
Convert -102742 (base 12) to base 9.
-425465
-1030827 (base 9) to base 2
-10000110101101110101
What is -214b1c6 (base 13) in base 5?
-10100214103
13301231 (base 4) to base 16
7c6d
Convert 10210102001002 (base 3) to base 10.
2015714
1100001101000110101110 (base 2) to base 15
432e8b
Convert -6881 (base 16) to base 10.
-26753
What is -134230221 (base 5) in base 6?
-22524434
1121124 (base 6) to base 3
2220120221
1939058 (base 13) to base 14
1155423
57057a (base 15) to base 11
2386911
222222002012 (base 3) to base 6
15213135
What is -1a99b7 (base 14) in base 11?
-598779
What is -14422051 (base 6) in base 3?
-221102212011
ae13e (base 16) to base 11
447782
36bd6 (base 16) to base 6
4450010
Convert 44351444 (base 6) to base 14.
26b12c
-334732 (base 8) to base 10
-113114
-13003201203 (base 4) to base 9
-3427856
What is 110010211120220 (base 3) in base 8?
30473110
Convert 12320223210 (base 4) to base 5.
430230103
What is 408081 (base 12) in base 6?
33344241
Convert -2142113 (base 6) to base 7.
-623136
2162140 (base 7) to base 16
4140a
What is -648605 (base 9) in base 14?
-a0dad
1565076 (base 8) to base 15
8e422
Convert -31b65 (base 13) to base 9.
-146182
Convert -21145215 (base 6) to base 9.
-1145332
-2103223010 (base 4) to base 6
-20544152
610540 (base 7) to base 12
4baa4
Convert -10110000001101000111000 (base 2) to base 9.
-11770242
-133103320230 (base 4) to base 3
-120110000010220
What is 154215502 (base 6) in base 4?
30201300332
Convert 210021221001220 (base 3) to base 11.
642a132
What is 2002021012 (base 3) in base 14?
10d3c
What is 23211413 (base 5) in base 2?
110011010100111001
What is 20002031023 (base 4) in base 13?
589885
Convert -113343130 (base 5) to base 11.
-3306a3
Convert -11001000211220 (base 3) to base 10.
-2146065
330022331 (base 4) to base 8
741275
101210101200 (base 3) to base 4
303313023
Convert 406226 (base 10) to base 5.
100444401
-159b6 (base 14) to base 11
-37686
-19db1 (base 14) to base 16
-10117
112220320200 (base 4) to base 2
10110101000111000100000
What is 3111333110 (base 4) in base 2?
11010101111111010100
What is -414606 (base 7) in base 11?
-4962a
What is 12212100001 (base 3) in base 8?
341342
-22005402 (base 6) to base 16
-9fc4a
Convert -18353 (base 14) to base 10.
-61029
430021 (base 7) to base 14
1d1b8
What is 192c24 (base 14) in base 13?
2529a4
Convert -215223 (base 11) to base 12.
-146a69
What is 253796 (base 10) in base 12?
102a58
Convert -12201233302 (base 4) to base 2.
-110100001101111110010
-314515 (base 7) to base 2
-1101010010110011
66e17a (base 16) to base 12
2311a22
111110000011010011111 (base 2) to base 10
2033311
Convert -6bca7 (base 15) to base 6.
-11211204
Convert -3866147 (base 10) to base 2.
-1110101111111000100011
-1104441550 (base 6) to base 11
-6843270
What is 175525 (base 10) in base 2?
101010110110100101
What is 13112112002 (base 4) in base 10?
1926530
What is -1336553 (base 10) in base 3?
-2111220101222
Convert -575759 (base 10) to base 15.
-b58de
-5244010 (base 6) to base 9
-427566
What is 3322733 (base 9) in base 6?
102143303
Convert -4395a (base 12) to base 16.
-15d96
Convert -20123440 (base 5) to base 2.
-100111010101100000
Convert 1010000010000111 (base 2) to base 13.
15922
Convert -250d87 (base 14) to base 3.
-2101112122200
Convert -20310505 (base 6) to base 4.
-2032233221
-100133134 (base 5) to base 10
-396044
1102245145 (base 6) to base 12
3b867b5
135676 (base 12) to base 7
2503536
1112031011 (base 4) to base 2
1010110001101000101
What is -38433 (base 16) in base 13?
-80b80
-122531 (base 6) to base 7
-44032
What is -3a734d (base 16) in base 12?
-1348951
Convert -151728 (base 9) to base 7.
-535436
What is 111201223 (base 4) in base 15?
1b1d1
Convert 338426 (base 10) to base 2.
1010010100111111010
What is -2b196 (base 12) in base 14?
-181c6
Convert 37cc5 (base 14) to base 12.
67331
Convert 59a61 (base 12) to base 2.
11101011110101001
What is 10101221100 (base 3) in base 2?
10000010111001111
What is 86298 (base 15) in base 3?
210122010222
What is 11002012112001 (base 3) in base 11?
1251799
What is -22241866 (base 9) in base 10?
-10774599
What is -a67437 (base 12) in base 9?
-4841387
-17873 (base 16) to base 13
-34b32
What is -111111011010011000 (base 2) in base 7?
-2131151
Convert -41722 (base 13) to base 9.
-188344
Convert -2325374 (base 8) to base 14.
-126c8c
1598b6c (base 13) to base 3
111002121010011
22bc7 (base 16) to base 9
236147
Convert 12133232 (base 4) to base 12.
13492
What is 1110210121110 (base 3) in base 5?
200032030
Convert -25141232 (base 6) to base 12.
-32a818
Convert -22210013 (base 5) to base 4.
-233131033
-20223113 (base 7) to base 2
-110011011110000111110
Convert aa51a (base 16) to base 9.
1272860
101011110101110111010 (base 2) to base 10
1436602
What is -321034211 (base 6) in base 3?
-101122001121221
What is 6716155 (base 8) in base 13?
4b4828
-488150 (base 9) to base 7
-2335005
What is -46ab8 (base 12) in base 3?
-11211011112
-236164640 (base 7) to base 12
-4b29648
1000010111100001010 (base 2) to base 8
1027412
Convert -101011011100001100111 (base 2) to base 7.
-15046016
-10010101011001011111 (base 2) to base 5
-124040220
1022101000202121 (base 3) to base 16
11ed4fd
7566710 (base 10) to base 16
737576
-325868 (base 9) to base 15
-3c9ee
What is -31021330330 (base 4) in base 7?
-41212222
Convert 33fb7 (base 16) to base 4.
303332313
Convert 2a87c1 (base 13) to base 3.
1222012100221
779574 (base 11) to base 12
4bb065
Convert 57663 (base 11) to base 7.
464623
Convert -256202 (base 15) to base 14.
-3493b3
103000332 (base 4) to base 14
20554
What is 30011013120 (base 4) in base 9?
5855773
11100201021220 (base 3) to base 16
235aaf
Convert -30441250 (